{"id":10878,"date":"2021-09-13T19:02:59","date_gmt":"2021-09-14T00:02:59","guid":{"rendered":"https:\/\/prof-it.me\/web\/?post_type=product&#038;p=10878"},"modified":"2021-11-08T13:33:30","modified_gmt":"2021-11-08T18:33:30","slug":"pbx-cloud","status":"publish","type":"product","link":"https:\/\/prof-it.me\/web\/product\/pbx-cloud\/","title":{"rendered":"POWER PBX CLOUD"},"content":{"rendered":"","protected":false},"excerpt":{"rendered":"","protected":false},"featured_media":10367,"template":"","meta":{"neve_meta_sidebar":"full-width","neve_meta_container":"full-width","neve_meta_enable_content_width":"on","neve_meta_content_width":80,"neve_meta_title_alignment":"","neve_meta_author_avatar":"","neve_post_elements_order":"","neve_meta_disable_header":"on","neve_meta_disable_footer":"on","neve_meta_disable_title":""},"product_brand":[],"product_cat":[247],"product_tag":[],"class_list":{"0":"post-10878","1":"product","2":"type-product","3":"status-publish","4":"has-post-thumbnail","6":"product_cat-uncategorized","8":"first","9":"instock","10":"sale","11":"taxable","12":"shipping-taxable","13":"purchasable","14":"product-type-simple"},"yoast_head":"<!-- This site is optimized with the Yoast SEO plugin v26.0 - https:\/\/yoast.com\/wordpress\/plugins\/seo\/ -->\n<title>POWER PBX CLOUD<\/title>\n<meta name=\"robots\" content=\"index, follow, max-snippet:-1, max-image-preview:large, max-video-preview:-1\" \/>\n<link rel=\"canonical\" href=\"https:\/\/prof-it.me\/web\/product\/pbx-cloud\/\" \/>\n<meta property=\"og:locale\" content=\"es_ES\" \/>\n<meta property=\"og:type\" content=\"article\" \/>\n<meta property=\"og:title\" content=\"POWER PBX CLOUD\" \/>\n<meta property=\"og:url\" content=\"https:\/\/prof-it.me\/web\/product\/pbx-cloud\/\" \/>\n<meta property=\"og:site_name\" content=\"Telefon\u00eda IP Prof-IT SAS\" \/>\n<meta property=\"article:publisher\" content=\"https:\/\/www.facebook.com\/profit.voip\/\" \/>\n<meta property=\"article:modified_time\" content=\"2021-11-08T18:33:30+00:00\" \/>\n<meta property=\"og:image\" content=\"https:\/\/prof-it.me\/web\/wp-content\/uploads\/2021\/09\/P\u00e1gina-Web-Tienda-en-L\u00ednea-Decoraci\u00f3n-Casa-y-Mobiliario-Gris-3.png\" \/>\n\t<meta property=\"og:image:width\" content=\"1350\" \/>\n\t<meta property=\"og:image:height\" content=\"650\" \/>\n\t<meta property=\"og:image:type\" content=\"image\/png\" \/>\n<meta name=\"twitter:card\" content=\"summary_large_image\" \/>\n<script type=\"application\/ld+json\" class=\"yoast-schema-graph\">{\"@context\":\"https:\/\/schema.org\",\"@graph\":[{\"@type\":\"WebPage\",\"@id\":\"https:\/\/prof-it.me\/web\/product\/pbx-cloud\/\",\"url\":\"https:\/\/prof-it.me\/web\/product\/pbx-cloud\/\",\"name\":\"POWER PBX CLOUD\",\"isPartOf\":{\"@id\":\"https:\/\/prof-it.me\/web\/#website\"},\"primaryImageOfPage\":{\"@id\":\"https:\/\/prof-it.me\/web\/product\/pbx-cloud\/#primaryimage\"},\"image\":{\"@id\":\"https:\/\/prof-it.me\/web\/product\/pbx-cloud\/#primaryimage\"},\"thumbnailUrl\":\"https:\/\/prof-it.me\/web\/wp-content\/uploads\/2021\/09\/P\u00e1gina-Web-Tienda-en-L\u00ednea-Decoraci\u00f3n-Casa-y-Mobiliario-Gris-3.png\",\"datePublished\":\"2021-09-14T00:02:59+00:00\",\"dateModified\":\"2021-11-08T18:33:30+00:00\",\"breadcrumb\":{\"@id\":\"https:\/\/prof-it.me\/web\/product\/pbx-cloud\/#breadcrumb\"},\"inLanguage\":\"es-CO\",\"potentialAction\":[{\"@type\":\"ReadAction\",\"target\":[\"https:\/\/prof-it.me\/web\/product\/pbx-cloud\/\"]}]},{\"@type\":\"ImageObject\",\"inLanguage\":\"es-CO\",\"@id\":\"https:\/\/prof-it.me\/web\/product\/pbx-cloud\/#primaryimage\",\"url\":\"https:\/\/prof-it.me\/web\/wp-content\/uploads\/2021\/09\/P\u00e1gina-Web-Tienda-en-L\u00ednea-Decoraci\u00f3n-Casa-y-Mobiliario-Gris-3.png\",\"contentUrl\":\"https:\/\/prof-it.me\/web\/wp-content\/uploads\/2021\/09\/P\u00e1gina-Web-Tienda-en-L\u00ednea-Decoraci\u00f3n-Casa-y-Mobiliario-Gris-3.png\",\"width\":1350,\"height\":650},{\"@type\":\"BreadcrumbList\",\"@id\":\"https:\/\/prof-it.me\/web\/product\/pbx-cloud\/#breadcrumb\",\"itemListElement\":[{\"@type\":\"ListItem\",\"position\":1,\"name\":\"Home\",\"item\":\"https:\/\/prof-it.me\/web\/\"},{\"@type\":\"ListItem\",\"position\":2,\"name\":\"Tienda\",\"item\":\"https:\/\/prof-it.me\/web\/shop\/\"},{\"@type\":\"ListItem\",\"position\":3,\"name\":\"POWER PBX CLOUD\"}]},{\"@type\":\"WebSite\",\"@id\":\"https:\/\/prof-it.me\/web\/#website\",\"url\":\"https:\/\/prof-it.me\/web\/\",\"name\":\"Telefon\u00eda IP Prof-IT SAS\",\"description\":\"Expertos en telefon\u00eda VoIP\",\"publisher\":{\"@id\":\"https:\/\/prof-it.me\/web\/#organization\"},\"potentialAction\":[{\"@type\":\"SearchAction\",\"target\":{\"@type\":\"EntryPoint\",\"urlTemplate\":\"https:\/\/prof-it.me\/web\/?s={search_term_string}\"},\"query-input\":{\"@type\":\"PropertyValueSpecification\",\"valueRequired\":true,\"valueName\":\"search_term_string\"}}],\"inLanguage\":\"es-CO\"},{\"@type\":\"Organization\",\"@id\":\"https:\/\/prof-it.me\/web\/#organization\",\"name\":\"Profesionales en Ingenier\u00eda y TIC SAS Prof-IT SAS\",\"url\":\"https:\/\/prof-it.me\/web\/\",\"logo\":{\"@type\":\"ImageObject\",\"inLanguage\":\"es-CO\",\"@id\":\"https:\/\/prof-it.me\/web\/#\/schema\/logo\/image\/\",\"url\":\"https:\/\/prof-it.me\/web\/wp-content\/uploads\/2016\/03\/LogoProf-IT_Mediano.png\",\"contentUrl\":\"https:\/\/prof-it.me\/web\/wp-content\/uploads\/2016\/03\/LogoProf-IT_Mediano.png\",\"width\":262,\"height\":369,\"caption\":\"Profesionales en Ingenier\u00eda y TIC SAS Prof-IT SAS\"},\"image\":{\"@id\":\"https:\/\/prof-it.me\/web\/#\/schema\/logo\/image\/\"},\"sameAs\":[\"https:\/\/www.facebook.com\/profit.voip\/\",\"https:\/\/www.linkedin.com\/in\/davidbqzt\",\"https:\/\/www.youtube.com\/channel\/UC5yjKQqLT8FhUk29lKSV4iw\"]}]}<\/script>\n<!-- \/ Yoast SEO plugin. -->","yoast_head_json":{"title":"POWER PBX CLOUD","robots":{"index":"index","follow":"follow","max-snippet":"max-snippet:-1","max-image-preview":"max-image-preview:large","max-video-preview":"max-video-preview:-1"},"canonical":"https:\/\/prof-it.me\/web\/product\/pbx-cloud\/","og_locale":"es_ES","og_type":"article","og_title":"POWER PBX CLOUD","og_url":"https:\/\/prof-it.me\/web\/product\/pbx-cloud\/","og_site_name":"Telefon\u00eda IP Prof-IT SAS","article_publisher":"https:\/\/www.facebook.com\/profit.voip\/","article_modified_time":"2021-11-08T18:33:30+00:00","og_image":[{"width":1350,"height":650,"url":"https:\/\/prof-it.me\/web\/wp-content\/uploads\/2021\/09\/P\u00e1gina-Web-Tienda-en-L\u00ednea-Decoraci\u00f3n-Casa-y-Mobiliario-Gris-3.png","type":"image\/png"}],"twitter_card":"summary_large_image","schema":{"@context":"https:\/\/schema.org","@graph":[{"@type":"WebPage","@id":"https:\/\/prof-it.me\/web\/product\/pbx-cloud\/","url":"https:\/\/prof-it.me\/web\/product\/pbx-cloud\/","name":"POWER PBX CLOUD","isPartOf":{"@id":"https:\/\/prof-it.me\/web\/#website"},"primaryImageOfPage":{"@id":"https:\/\/prof-it.me\/web\/product\/pbx-cloud\/#primaryimage"},"image":{"@id":"https:\/\/prof-it.me\/web\/product\/pbx-cloud\/#primaryimage"},"thumbnailUrl":"https:\/\/prof-it.me\/web\/wp-content\/uploads\/2021\/09\/P\u00e1gina-Web-Tienda-en-L\u00ednea-Decoraci\u00f3n-Casa-y-Mobiliario-Gris-3.png","datePublished":"2021-09-14T00:02:59+00:00","dateModified":"2021-11-08T18:33:30+00:00","breadcrumb":{"@id":"https:\/\/prof-it.me\/web\/product\/pbx-cloud\/#breadcrumb"},"inLanguage":"es-CO","potentialAction":[{"@type":"ReadAction","target":["https:\/\/prof-it.me\/web\/product\/pbx-cloud\/"]}]},{"@type":"ImageObject","inLanguage":"es-CO","@id":"https:\/\/prof-it.me\/web\/product\/pbx-cloud\/#primaryimage","url":"https:\/\/prof-it.me\/web\/wp-content\/uploads\/2021\/09\/P\u00e1gina-Web-Tienda-en-L\u00ednea-Decoraci\u00f3n-Casa-y-Mobiliario-Gris-3.png","contentUrl":"https:\/\/prof-it.me\/web\/wp-content\/uploads\/2021\/09\/P\u00e1gina-Web-Tienda-en-L\u00ednea-Decoraci\u00f3n-Casa-y-Mobiliario-Gris-3.png","width":1350,"height":650},{"@type":"BreadcrumbList","@id":"https:\/\/prof-it.me\/web\/product\/pbx-cloud\/#breadcrumb","itemListElement":[{"@type":"ListItem","position":1,"name":"Home","item":"https:\/\/prof-it.me\/web\/"},{"@type":"ListItem","position":2,"name":"Tienda","item":"https:\/\/prof-it.me\/web\/shop\/"},{"@type":"ListItem","position":3,"name":"POWER PBX CLOUD"}]},{"@type":"WebSite","@id":"https:\/\/prof-it.me\/web\/#website","url":"https:\/\/prof-it.me\/web\/","name":"Telefon\u00eda IP Prof-IT SAS","description":"Expertos en telefon\u00eda VoIP","publisher":{"@id":"https:\/\/prof-it.me\/web\/#organization"},"potentialAction":[{"@type":"SearchAction","target":{"@type":"EntryPoint","urlTemplate":"https:\/\/prof-it.me\/web\/?s={search_term_string}"},"query-input":{"@type":"PropertyValueSpecification","valueRequired":true,"valueName":"search_term_string"}}],"inLanguage":"es-CO"},{"@type":"Organization","@id":"https:\/\/prof-it.me\/web\/#organization","name":"Profesionales en Ingenier\u00eda y TIC SAS Prof-IT SAS","url":"https:\/\/prof-it.me\/web\/","logo":{"@type":"ImageObject","inLanguage":"es-CO","@id":"https:\/\/prof-it.me\/web\/#\/schema\/logo\/image\/","url":"https:\/\/prof-it.me\/web\/wp-content\/uploads\/2016\/03\/LogoProf-IT_Mediano.png","contentUrl":"https:\/\/prof-it.me\/web\/wp-content\/uploads\/2016\/03\/LogoProf-IT_Mediano.png","width":262,"height":369,"caption":"Profesionales en Ingenier\u00eda y TIC SAS Prof-IT SAS"},"image":{"@id":"https:\/\/prof-it.me\/web\/#\/schema\/logo\/image\/"},"sameAs":["https:\/\/www.facebook.com\/profit.voip\/","https:\/\/www.linkedin.com\/in\/davidbqzt","https:\/\/www.youtube.com\/channel\/UC5yjKQqLT8FhUk29lKSV4iw"]}]}},"_links":{"self":[{"href":"https:\/\/prof-it.me\/web\/wp-json\/wp\/v2\/product\/10878","targetHints":{"allow":["GET"]}}],"collection":[{"href":"https:\/\/prof-it.me\/web\/wp-json\/wp\/v2\/product"}],"about":[{"href":"https:\/\/prof-it.me\/web\/wp-json\/wp\/v2\/types\/product"}],"wp:featuredmedia":[{"embeddable":true,"href":"https:\/\/prof-it.me\/web\/wp-json\/wp\/v2\/media\/10367"}],"wp:attachment":[{"href":"https:\/\/prof-it.me\/web\/wp-json\/wp\/v2\/media?parent=10878"}],"wp:term":[{"taxonomy":"product_brand","embeddable":true,"href":"https:\/\/prof-it.me\/web\/wp-json\/wp\/v2\/product_brand?post=10878"},{"taxonomy":"product_cat","embeddable":true,"href":"https:\/\/prof-it.me\/web\/wp-json\/wp\/v2\/product_cat?post=10878"},{"taxonomy":"product_tag","embeddable":true,"href":"https:\/\/prof-it.me\/web\/wp-json\/wp\/v2\/product_tag?post=10878"}],"curies":[{"name":"wp","href":"https:\/\/api.w.org\/{rel}","templated":true}]}}