{"id":3570,"date":"2021-02-11T15:41:33","date_gmt":"2021-02-11T20:41:33","guid":{"rendered":"http:\/\/prof-it.me\/web\/?page_id=3570"},"modified":"2022-04-04T17:17:24","modified_gmt":"2022-04-04T22:17:24","slug":"crm-virtual-pro","status":"publish","type":"page","link":"https:\/\/prof-it.me\/web\/crm-virtual-pro\/","title":{"rendered":"CRM VIRTUAL"},"content":{"rendered":"\t\t<div data-elementor-type=\"wp-page\" data-elementor-id=\"3570\" class=\"elementor elementor-3570\">\n\t\t\t\t\t\t<section class=\"elementor-section elementor-top-section elementor-element elementor-element-676b9cc elementor-section-boxed elementor-section-height-default elementor-section-height-default\" data-id=\"676b9cc\" data-element_type=\"section\">\n\t\t\t\t\t\t<div class=\"elementor-container elementor-column-gap-default\">\n\t\t\t\t\t<div class=\"elementor-column elementor-col-100 elementor-top-column elementor-element elementor-element-c39155d\" data-id=\"c39155d\" data-element_type=\"column\">\n\t\t\t<div class=\"elementor-widget-wrap elementor-element-populated\">\n\t\t\t\t\t\t<div class=\"elementor-element elementor-element-6effac8 elementor-widget elementor-widget-spacer\" data-id=\"6effac8\" data-element_type=\"widget\" data-widget_type=\"spacer.default\">\n\t\t\t\t<div class=\"elementor-widget-container\">\n\t\t\t\t\t\t\t<div class=\"elementor-spacer\">\n\t\t\t<div class=\"elementor-spacer-inner\"><\/div>\n\t\t<\/div>\n\t\t\t\t\t\t<\/div>\n\t\t\t\t<\/div>\n\t\t\t\t<div class=\"elementor-element elementor-element-a99708b elementor-widget elementor-widget-heading\" data-id=\"a99708b\" data-element_type=\"widget\" data-widget_type=\"heading.default\">\n\t\t\t\t<div class=\"elementor-widget-container\">\n\t\t\t\t\t<h1 class=\"elementor-heading-title elementor-size-default\">CRM VIRTUAL<\/h1>\t\t\t\t<\/div>\n\t\t\t\t<\/div>\n\t\t\t\t\t<\/div>\n\t\t<\/div>\n\t\t\t\t\t<\/div>\n\t\t<\/section>\n\t\t\t\t<section class=\"elementor-section elementor-top-section elementor-element elementor-element-dd3741b elementor-section-boxed elementor-section-height-default elementor-section-height-default\" data-id=\"dd3741b\" data-element_type=\"section\">\n\t\t\t\t\t\t<div class=\"elementor-container elementor-column-gap-default\">\n\t\t\t\t\t<div class=\"elementor-column elementor-col-50 elementor-top-column elementor-element elementor-element-11574b3\" data-id=\"11574b3\" data-element_type=\"column\">\n\t\t\t<div class=\"elementor-widget-wrap elementor-element-populated\">\n\t\t\t\t\t\t<div class=\"elementor-element elementor-element-e7e41aa elementor-widget elementor-widget-heading\" data-id=\"e7e41aa\" data-element_type=\"widget\" data-widget_type=\"heading.default\">\n\t\t\t\t<div class=\"elementor-widget-container\">\n\t\t\t\t\t<h2 class=\"elementor-heading-title elementor-size-default\">\u00bfQUE ES UN CRM ?<\/h2>\t\t\t\t<\/div>\n\t\t\t\t<\/div>\n\t\t\t\t<div class=\"elementor-element elementor-element-43378dc elementor-widget elementor-widget-text-editor\" data-id=\"43378dc\" data-element_type=\"widget\" data-widget_type=\"text-editor.default\">\n\t\t\t\t<div class=\"elementor-widget-container\">\n\t\t\t\t\t\t\t\t\t<p>Es una herramientas para gestionar la relaci\u00f3n con tus clientes. Este sistema te permite simplificar y automatizar todo el proceso desde que la personase\u00a0 interesa en un producto o servicio que ofrece tu negocio hasta convertirse en un comprador fiel.<\/p>\t\t\t\t\t\t\t\t<\/div>\n\t\t\t\t<\/div>\n\t\t\t\t\t<\/div>\n\t\t<\/div>\n\t\t\t\t<div class=\"elementor-column elementor-col-50 elementor-top-column elementor-element elementor-element-b4ffc4f\" data-id=\"b4ffc4f\" data-element_type=\"column\">\n\t\t\t<div class=\"elementor-widget-wrap elementor-element-populated\">\n\t\t\t\t\t\t<div class=\"elementor-element elementor-element-552d82e elementor-widget elementor-widget-image\" data-id=\"552d82e\" data-element_type=\"widget\" data-widget_type=\"image.default\">\n\t\t\t\t<div class=\"elementor-widget-container\">\n\t\t\t\t\t\t\t\t\t\t\t\t\t\t\t<img fetchpriority=\"high\" decoding=\"async\" width=\"1024\" height=\"683\" src=\"https:\/\/prof-it.me\/web\/wp-content\/uploads\/2021\/09\/pexels-yan-krukov-7693097-1024x683.jpg\" class=\"attachment-large size-large wp-image-10934\" alt=\"\" srcset=\"https:\/\/prof-it.me\/web\/wp-content\/uploads\/2021\/09\/pexels-yan-krukov-7693097-1024x683.jpg 1024w, https:\/\/prof-it.me\/web\/wp-content\/uploads\/2021\/09\/pexels-yan-krukov-7693097-300x200.jpg 300w, https:\/\/prof-it.me\/web\/wp-content\/uploads\/2021\/09\/pexels-yan-krukov-7693097-768x512.jpg 768w, https:\/\/prof-it.me\/web\/wp-content\/uploads\/2021\/09\/pexels-yan-krukov-7693097-1536x1024.jpg 1536w, https:\/\/prof-it.me\/web\/wp-content\/uploads\/2021\/09\/pexels-yan-krukov-7693097-2048x1365.jpg 2048w, https:\/\/prof-it.me\/web\/wp-content\/uploads\/2021\/09\/pexels-yan-krukov-7693097-930x620.jpg 930w, https:\/\/prof-it.me\/web\/wp-content\/uploads\/2021\/09\/pexels-yan-krukov-7693097-600x400.jpg 600w\" sizes=\"(max-width: 1024px) 100vw, 1024px\" \/>\t\t\t\t\t\t\t\t\t\t\t\t\t\t\t<\/div>\n\t\t\t\t<\/div>\n\t\t\t\t\t<\/div>\n\t\t<\/div>\n\t\t\t\t\t<\/div>\n\t\t<\/section>\n\t\t\t\t<section class=\"elementor-section elementor-top-section elementor-element elementor-element-53128d6 elementor-section-full_width elementor-section-height-default elementor-section-height-default\" data-id=\"53128d6\" data-element_type=\"section\">\n\t\t\t\t\t\t<div class=\"elementor-container elementor-column-gap-default\">\n\t\t\t\t\t<div class=\"elementor-column elementor-col-100 elementor-top-column elementor-element elementor-element-e08177f\" data-id=\"e08177f\" data-element_type=\"column\">\n\t\t\t<div class=\"elementor-widget-wrap elementor-element-populated\">\n\t\t\t\t\t\t<section class=\"elementor-section elementor-inner-section elementor-element elementor-element-b7ee203 elementor-section-boxed elementor-section-height-default elementor-section-height-default\" data-id=\"b7ee203\" data-element_type=\"section\">\n\t\t\t\t\t\t<div class=\"elementor-container elementor-column-gap-default\">\n\t\t\t\t\t<div class=\"elementor-column elementor-col-100 elementor-inner-column elementor-element elementor-element-ee93a0d\" data-id=\"ee93a0d\" data-element_type=\"column\">\n\t\t\t<div class=\"elementor-widget-wrap elementor-element-populated\">\n\t\t\t\t\t\t<div class=\"elementor-element elementor-element-849a9ec elementor-widget elementor-widget-heading\" data-id=\"849a9ec\" data-element_type=\"widget\" data-widget_type=\"heading.default\">\n\t\t\t\t<div class=\"elementor-widget-container\">\n\t\t\t\t\t<h2 class=\"elementor-heading-title elementor-size-default\">\u00bfPARA  QUE SIRVE UN CRM?<\/h2>\t\t\t\t<\/div>\n\t\t\t\t<\/div>\n\t\t\t\t<div class=\"elementor-element elementor-element-1126541 elementor-widget elementor-widget-text-editor\" data-id=\"1126541\" data-element_type=\"widget\" data-widget_type=\"text-editor.default\">\n\t\t\t\t<div class=\"elementor-widget-container\">\n\t\t\t\t\t\t\t\t\t<p>El CRM virtual de Prof-IT te permite crear una base de datos online para mantener actualizada la informaci\u00f3n de tus clientes en tiempo real, fijar objetivos de ventas, medir el desempe\u00f1o de tu \u00e1rea comercial, crear y tener acceso a las cotizaciones, citas, contratos informaci\u00f3n de contacto, etc. y todo lo que vas a requerir para atender a tus clientes.<\/p><p>Puede guardar formatos personalizado de cotizaci\u00f3n, presentaci\u00f3n comercial entre otros, lo cual te permitir\u00e1 entregar propuestas comerciales en un par de minutos.<\/p>\t\t\t\t\t\t\t\t<\/div>\n\t\t\t\t<\/div>\n\t\t\t\t<div class=\"elementor-element elementor-element-fb43565 elementor-widget elementor-widget-heading\" data-id=\"fb43565\" data-element_type=\"widget\" data-widget_type=\"heading.default\">\n\t\t\t\t<div class=\"elementor-widget-container\">\n\t\t\t\t\t<h3 class=\"elementor-heading-title elementor-size-default\">LA SEGURIDAD DE LA INFORMACI\u00d3N EN UN CRM<\/h3>\t\t\t\t<\/div>\n\t\t\t\t<\/div>\n\t\t\t\t<div class=\"elementor-element elementor-element-486861d elementor-widget elementor-widget-text-editor\" data-id=\"486861d\" data-element_type=\"widget\" data-widget_type=\"text-editor.default\">\n\t\t\t\t<div class=\"elementor-widget-container\">\n\t\t\t\t\t\t\t\t\t<p>Podr\u00e1s tener control de cada una de las\u00a0 etapas del proceso de negociaci\u00f3n con cada cliente y asignar un asesor para atenderlo al instante.<\/p><p>Con nuestro CRM cualquier persona autorizada puede acceder a la informaci\u00f3n pero esta se conserva dentro de la compa\u00f1\u00eda, en caso de rotaci\u00f3n de personal se puede retomar r\u00e1pidamente la relaci\u00f3n al cliente.<\/p><p>Un CRM te permite tener informaci\u00f3n clave como indicadores de retenci\u00f3n, total de dinero cotizado versus lo facturado, patrones de compra de tus clientes. lo cual te dar\u00e1 un gran ventaja frente a tu competencia.<\/p>\t\t\t\t\t\t\t\t<\/div>\n\t\t\t\t<\/div>\n\t\t\t\t\t<\/div>\n\t\t<\/div>\n\t\t\t\t\t<\/div>\n\t\t<\/section>\n\t\t\t\t\t<\/div>\n\t\t<\/div>\n\t\t\t\t\t<\/div>\n\t\t<\/section>\n\t\t\t\t<\/div>\n\t\t<!-- AddThis Advanced Settings generic via filter on the_content --><!-- AddThis Share Buttons generic via filter on the_content -->","protected":false},"excerpt":{"rendered":"CRM VIRTUAL \u00bfQUE ES UN CRM ? Es una herramientas para gestionar la relaci\u00f3n con tus clientes. Este sistema te permite simplificar y automatizar todo el proceso desde que la personase&nbsp; interesa en un producto o servicio que ofrece tu negocio hasta convertirse en un comprador fiel. \u00bfPARA QUE SIRVE UN CRM? El CRM virtual&hellip;&nbsp;<a href=\"https:\/\/prof-it.me\/web\/crm-virtual-pro\/\" rel=\"bookmark\">Leer m\u00e1s &raquo;<span class=\"screen-reader-text\">CRM VIRTUAL<\/span><\/a><!-- AddThis Advanced Settings generic via filter on get_the_excerpt --><!-- AddThis Share Buttons generic via filter on get_the_excerpt -->","protected":false},"author":3,"featured_media":0,"parent":0,"menu_order":0,"comment_status":"closed","ping_status":"closed","template":"","meta":{"neve_meta_sidebar":"","neve_meta_container":"","neve_meta_enable_content_width":"off","neve_meta_content_width":0,"neve_meta_title_alignment":"","neve_meta_author_avatar":"","neve_post_elements_order":"","neve_meta_disable_header":"","neve_meta_disable_footer":"","neve_meta_disable_title":"","footnotes":""},"class_list":["post-3570","page","type-page","status-publish","hentry"],"yoast_head":"<!-- This site is optimized with the Yoast SEO plugin v26.0 - https:\/\/yoast.com\/wordpress\/plugins\/seo\/ -->\n<title>CRM VIRTUAL - Telefon\u00eda IP Prof-IT SAS<\/title>\n<meta name=\"robots\" content=\"index, follow, max-snippet:-1, max-image-preview:large, max-video-preview:-1\" \/>\n<link rel=\"canonical\" href=\"https:\/\/prof-it.me\/web\/crm-virtual-pro\/\" \/>\n<meta property=\"og:locale\" content=\"es_ES\" \/>\n<meta property=\"og:type\" content=\"article\" \/>\n<meta property=\"og:title\" content=\"CRM VIRTUAL - Telefon\u00eda IP Prof-IT SAS\" \/>\n<meta property=\"og:description\" content=\"CRM VIRTUAL \u00bfQUE ES UN CRM ? Es una herramientas para gestionar la relaci\u00f3n con tus clientes. Este sistema te permite simplificar y automatizar todo el proceso desde que la personase&nbsp; interesa en un producto o servicio que ofrece tu negocio hasta convertirse en un comprador fiel. \u00bfPARA QUE SIRVE UN CRM? El CRM virtual&hellip;&nbsp;Leer m\u00e1s &raquo;CRM VIRTUAL\" \/>\n<meta property=\"og:url\" content=\"https:\/\/prof-it.me\/web\/crm-virtual-pro\/\" \/>\n<meta property=\"og:site_name\" content=\"Telefon\u00eda IP Prof-IT SAS\" \/>\n<meta property=\"article:publisher\" content=\"https:\/\/www.facebook.com\/profit.voip\/\" \/>\n<meta property=\"article:modified_time\" content=\"2022-04-04T22:17:24+00:00\" \/>\n<meta property=\"og:image\" content=\"https:\/\/prof-it.me\/web\/wp-content\/uploads\/2021\/09\/pexels-yan-krukov-7693097-1024x683.jpg\" \/>\n<meta name=\"twitter:card\" content=\"summary_large_image\" \/>\n<meta name=\"twitter:label1\" content=\"Tiempo de lectura\" \/>\n\t<meta name=\"twitter:data1\" content=\"1 minuto\" \/>\n<script type=\"application\/ld+json\" class=\"yoast-schema-graph\">{\"@context\":\"https:\/\/schema.org\",\"@graph\":[{\"@type\":\"WebPage\",\"@id\":\"https:\/\/prof-it.me\/web\/crm-virtual-pro\/\",\"url\":\"https:\/\/prof-it.me\/web\/crm-virtual-pro\/\",\"name\":\"CRM VIRTUAL - Telefon\u00eda IP Prof-IT SAS\",\"isPartOf\":{\"@id\":\"https:\/\/prof-it.me\/web\/#website\"},\"primaryImageOfPage\":{\"@id\":\"https:\/\/prof-it.me\/web\/crm-virtual-pro\/#primaryimage\"},\"image\":{\"@id\":\"https:\/\/prof-it.me\/web\/crm-virtual-pro\/#primaryimage\"},\"thumbnailUrl\":\"https:\/\/prof-it.me\/web\/wp-content\/uploads\/2021\/09\/pexels-yan-krukov-7693097-1024x683.jpg\",\"datePublished\":\"2021-02-11T20:41:33+00:00\",\"dateModified\":\"2022-04-04T22:17:24+00:00\",\"breadcrumb\":{\"@id\":\"https:\/\/prof-it.me\/web\/crm-virtual-pro\/#breadcrumb\"},\"inLanguage\":\"es-CO\",\"potentialAction\":[{\"@type\":\"ReadAction\",\"target\":[\"https:\/\/prof-it.me\/web\/crm-virtual-pro\/\"]}]},{\"@type\":\"ImageObject\",\"inLanguage\":\"es-CO\",\"@id\":\"https:\/\/prof-it.me\/web\/crm-virtual-pro\/#primaryimage\",\"url\":\"https:\/\/prof-it.me\/web\/wp-content\/uploads\/2021\/09\/pexels-yan-krukov-7693097-scaled.jpg\",\"contentUrl\":\"https:\/\/prof-it.me\/web\/wp-content\/uploads\/2021\/09\/pexels-yan-krukov-7693097-scaled.jpg\",\"width\":2560,\"height\":1707},{\"@type\":\"BreadcrumbList\",\"@id\":\"https:\/\/prof-it.me\/web\/crm-virtual-pro\/#breadcrumb\",\"itemListElement\":[{\"@type\":\"ListItem\",\"position\":1,\"name\":\"Home\",\"item\":\"https:\/\/prof-it.me\/web\/\"},{\"@type\":\"ListItem\",\"position\":2,\"name\":\"CRM VIRTUAL\"}]},{\"@type\":\"WebSite\",\"@id\":\"https:\/\/prof-it.me\/web\/#website\",\"url\":\"https:\/\/prof-it.me\/web\/\",\"name\":\"Telefon\u00eda IP Prof-IT SAS\",\"description\":\"Expertos en telefon\u00eda VoIP\",\"publisher\":{\"@id\":\"https:\/\/prof-it.me\/web\/#organization\"},\"potentialAction\":[{\"@type\":\"SearchAction\",\"target\":{\"@type\":\"EntryPoint\",\"urlTemplate\":\"https:\/\/prof-it.me\/web\/?s={search_term_string}\"},\"query-input\":{\"@type\":\"PropertyValueSpecification\",\"valueRequired\":true,\"valueName\":\"search_term_string\"}}],\"inLanguage\":\"es-CO\"},{\"@type\":\"Organization\",\"@id\":\"https:\/\/prof-it.me\/web\/#organization\",\"name\":\"Profesionales en Ingenier\u00eda y TIC SAS Prof-IT SAS\",\"url\":\"https:\/\/prof-it.me\/web\/\",\"logo\":{\"@type\":\"ImageObject\",\"inLanguage\":\"es-CO\",\"@id\":\"https:\/\/prof-it.me\/web\/#\/schema\/logo\/image\/\",\"url\":\"https:\/\/prof-it.me\/web\/wp-content\/uploads\/2016\/03\/LogoProf-IT_Mediano.png\",\"contentUrl\":\"https:\/\/prof-it.me\/web\/wp-content\/uploads\/2016\/03\/LogoProf-IT_Mediano.png\",\"width\":262,\"height\":369,\"caption\":\"Profesionales en Ingenier\u00eda y TIC SAS Prof-IT SAS\"},\"image\":{\"@id\":\"https:\/\/prof-it.me\/web\/#\/schema\/logo\/image\/\"},\"sameAs\":[\"https:\/\/www.facebook.com\/profit.voip\/\",\"https:\/\/www.linkedin.com\/in\/davidbqzt\",\"https:\/\/www.youtube.com\/channel\/UC5yjKQqLT8FhUk29lKSV4iw\"]}]}<\/script>\n<!-- \/ Yoast SEO plugin. -->","yoast_head_json":{"title":"CRM VIRTUAL - Telefon\u00eda IP Prof-IT SAS","robots":{"index":"index","follow":"follow","max-snippet":"max-snippet:-1","max-image-preview":"max-image-preview:large","max-video-preview":"max-video-preview:-1"},"canonical":"https:\/\/prof-it.me\/web\/crm-virtual-pro\/","og_locale":"es_ES","og_type":"article","og_title":"CRM VIRTUAL - Telefon\u00eda IP Prof-IT SAS","og_description":"CRM VIRTUAL \u00bfQUE ES UN CRM ? Es una herramientas para gestionar la relaci\u00f3n con tus clientes. Este sistema te permite simplificar y automatizar todo el proceso desde que la personase&nbsp; interesa en un producto o servicio que ofrece tu negocio hasta convertirse en un comprador fiel. \u00bfPARA QUE SIRVE UN CRM? El CRM virtual&hellip;&nbsp;Leer m\u00e1s &raquo;CRM VIRTUAL","og_url":"https:\/\/prof-it.me\/web\/crm-virtual-pro\/","og_site_name":"Telefon\u00eda IP Prof-IT SAS","article_publisher":"https:\/\/www.facebook.com\/profit.voip\/","article_modified_time":"2022-04-04T22:17:24+00:00","og_image":[{"url":"https:\/\/prof-it.me\/web\/wp-content\/uploads\/2021\/09\/pexels-yan-krukov-7693097-1024x683.jpg","type":"","width":"","height":""}],"twitter_card":"summary_large_image","twitter_misc":{"Tiempo de lectura":"1 minuto"},"schema":{"@context":"https:\/\/schema.org","@graph":[{"@type":"WebPage","@id":"https:\/\/prof-it.me\/web\/crm-virtual-pro\/","url":"https:\/\/prof-it.me\/web\/crm-virtual-pro\/","name":"CRM VIRTUAL - Telefon\u00eda IP Prof-IT SAS","isPartOf":{"@id":"https:\/\/prof-it.me\/web\/#website"},"primaryImageOfPage":{"@id":"https:\/\/prof-it.me\/web\/crm-virtual-pro\/#primaryimage"},"image":{"@id":"https:\/\/prof-it.me\/web\/crm-virtual-pro\/#primaryimage"},"thumbnailUrl":"https:\/\/prof-it.me\/web\/wp-content\/uploads\/2021\/09\/pexels-yan-krukov-7693097-1024x683.jpg","datePublished":"2021-02-11T20:41:33+00:00","dateModified":"2022-04-04T22:17:24+00:00","breadcrumb":{"@id":"https:\/\/prof-it.me\/web\/crm-virtual-pro\/#breadcrumb"},"inLanguage":"es-CO","potentialAction":[{"@type":"ReadAction","target":["https:\/\/prof-it.me\/web\/crm-virtual-pro\/"]}]},{"@type":"ImageObject","inLanguage":"es-CO","@id":"https:\/\/prof-it.me\/web\/crm-virtual-pro\/#primaryimage","url":"https:\/\/prof-it.me\/web\/wp-content\/uploads\/2021\/09\/pexels-yan-krukov-7693097-scaled.jpg","contentUrl":"https:\/\/prof-it.me\/web\/wp-content\/uploads\/2021\/09\/pexels-yan-krukov-7693097-scaled.jpg","width":2560,"height":1707},{"@type":"BreadcrumbList","@id":"https:\/\/prof-it.me\/web\/crm-virtual-pro\/#breadcrumb","itemListElement":[{"@type":"ListItem","position":1,"name":"Home","item":"https:\/\/prof-it.me\/web\/"},{"@type":"ListItem","position":2,"name":"CRM VIRTUAL"}]},{"@type":"WebSite","@id":"https:\/\/prof-it.me\/web\/#website","url":"https:\/\/prof-it.me\/web\/","name":"Telefon\u00eda IP Prof-IT SAS","description":"Expertos en telefon\u00eda VoIP","publisher":{"@id":"https:\/\/prof-it.me\/web\/#organization"},"potentialAction":[{"@type":"SearchAction","target":{"@type":"EntryPoint","urlTemplate":"https:\/\/prof-it.me\/web\/?s={search_term_string}"},"query-input":{"@type":"PropertyValueSpecification","valueRequired":true,"valueName":"search_term_string"}}],"inLanguage":"es-CO"},{"@type":"Organization","@id":"https:\/\/prof-it.me\/web\/#organization","name":"Profesionales en Ingenier\u00eda y TIC SAS Prof-IT SAS","url":"https:\/\/prof-it.me\/web\/","logo":{"@type":"ImageObject","inLanguage":"es-CO","@id":"https:\/\/prof-it.me\/web\/#\/schema\/logo\/image\/","url":"https:\/\/prof-it.me\/web\/wp-content\/uploads\/2016\/03\/LogoProf-IT_Mediano.png","contentUrl":"https:\/\/prof-it.me\/web\/wp-content\/uploads\/2016\/03\/LogoProf-IT_Mediano.png","width":262,"height":369,"caption":"Profesionales en Ingenier\u00eda y TIC SAS Prof-IT SAS"},"image":{"@id":"https:\/\/prof-it.me\/web\/#\/schema\/logo\/image\/"},"sameAs":["https:\/\/www.facebook.com\/profit.voip\/","https:\/\/www.linkedin.com\/in\/davidbqzt","https:\/\/www.youtube.com\/channel\/UC5yjKQqLT8FhUk29lKSV4iw"]}]}},"_links":{"self":[{"href":"https:\/\/prof-it.me\/web\/wp-json\/wp\/v2\/pages\/3570","targetHints":{"allow":["GET"]}}],"collection":[{"href":"https:\/\/prof-it.me\/web\/wp-json\/wp\/v2\/pages"}],"about":[{"href":"https:\/\/prof-it.me\/web\/wp-json\/wp\/v2\/types\/page"}],"author":[{"embeddable":true,"href":"https:\/\/prof-it.me\/web\/wp-json\/wp\/v2\/users\/3"}],"replies":[{"embeddable":true,"href":"https:\/\/prof-it.me\/web\/wp-json\/wp\/v2\/comments?post=3570"}],"version-history":[{"count":44,"href":"https:\/\/prof-it.me\/web\/wp-json\/wp\/v2\/pages\/3570\/revisions"}],"predecessor-version":[{"id":11495,"href":"https:\/\/prof-it.me\/web\/wp-json\/wp\/v2\/pages\/3570\/revisions\/11495"}],"wp:attachment":[{"href":"https:\/\/prof-it.me\/web\/wp-json\/wp\/v2\/media?parent=3570"}],"curies":[{"name":"wp","href":"https:\/\/api.w.org\/{rel}","templated":true}]}}