{"id":3524,"date":"2017-06-29T12:26:58","date_gmt":"2017-06-29T17:26:58","guid":{"rendered":"http:\/\/prof-it.me\/web\/?page_id=3524"},"modified":"2021-02-02T12:52:51","modified_gmt":"2021-02-02T17:52:51","slug":"mimuntos-voip","status":"publish","type":"page","link":"https:\/\/prof-it.me\/web\/mimuntos-voip\/","title":{"rendered":"MIMUNTOS VOIP"},"content":{"rendered":"<h2>Si eres&nbsp; de esos empresarios inteligentes que busca llegar&nbsp; sus clientes por medio delas grandes ventajas de la telefon\u00eda IP&nbsp; es muy importante que cuentes&nbsp; con un buen&nbsp; plan de minutos voip&nbsp; que te ayude&nbsp; a lograr tus objetivos&nbsp; al m\u00ednimo costo posible<\/h2>\n<h3>Si aun no sabes que son minutos voip&nbsp; o como funcionan&nbsp; lo primero que debes saber es que son minutos&nbsp; que funcionan&nbsp; con&nbsp; Voz IP es decir Voz trasmitida por internet&nbsp; por eso su nombre&nbsp; de VoIP<\/h3>\n<h2>\u00bfQue necesito para hacer llamadas&nbsp; voip?<\/h2>\n<p>Para poder&nbsp; hacer llamadas&nbsp; IP necesitas cuatro cosas:<\/p>\n<h2>1 . Una Sip trunk :<\/h2>\n<p>traducido al espa\u00f1ol como troncal sip que es 1 linea telef\u00f3nica por internet&nbsp; y que posee canales de comunicaci\u00f3n&nbsp; es decir 1 solo numero&nbsp; , pero que permite hacer varias llamada voip&nbsp; al mismo tiempo seg\u00fan el numero de canales<\/p>\n<p>Ejemplo:<\/p>\n<h3>1 Sip trunk de 5 canales&nbsp; te permite con una sola linea sip&nbsp; hacer 5 llamadas de salida al mismo tiempo y recibir ilimitado numero de llamadas&nbsp; entrantes<\/h3>\n<h2>2. Una Virtual PBX:<\/h2>\n<p>La troncal Sip al igual que cualquier l\u00ednea debe conectarse a algo y para eso&nbsp; esta&nbsp; la PBX o central telef\u00f3nica IP&nbsp; es&nbsp; all\u00ed donde la l\u00ednea SIP se conecta y las llamadas voip se trasmiten por extensiones hasta la persona que recibir\u00e1 la llamada.<\/p>\n<h3>Cuando se habla de telefon\u00eda&nbsp; voip se habla de un solo numero o l\u00ednea IP&nbsp; y&nbsp; varias extensiones&nbsp; voip , mientras que en&nbsp; la telefon\u00eda tradicional hay un numero por cada l\u00ednea&nbsp; telef\u00f3nica<\/h3>\n<h3>Ejemplo:<\/h3>\n<p>Si un usuario si tiene 100 oficinas&nbsp; con l\u00edneas tradicionales&nbsp; debe pagar al menos 100 l\u00edneas telef\u00f3nicas, mientras que con un sistemas voip solo debe pagar una l\u00ednea sip&nbsp; y tener muchas extensiones el ahorro es incre\u00edble&nbsp; ya que entre extensiones se habla totalmente gratis sin importar si el destino es&nbsp; local nacional o internacional.<\/p>\n<h2>3. Un&nbsp; plan de minutos IP:<\/h2>\n<p>Para esto solo basta con que solictes una &nbsp;recarga&nbsp; voip a tu &nbsp;PBX vitual&nbsp; ya con esto &nbsp; puedes todos esta listo para poder hacer tu &nbsp;llamadas de la forma mas econ\u00f3mica que existe.<\/p>\n<h3>Los minutos&nbsp; IP son casi 10 veces mas econ\u00f3micos que un minuto tradicional y total mente gratis para llamadas&nbsp; entre usuarios&nbsp; que est\u00e9n conectados a la misma tronca SIP por medio del la IP&nbsp; PBX.<\/h3>\n<h3><\/h3>\n<h2>4&nbsp; Lo ultimo que se requiere para hacer las famosas voip llamadas es&nbsp;&nbsp;tel\u00e9fono voip, Softphone, Smartphone o cualquier otro&nbsp; dispositivo con conexi\u00f3n a&nbsp; Internet para realizar la llamada.<\/h2>\n<!-- AddThis Advanced Settings generic via filter on the_content --><!-- AddThis Share Buttons generic via filter on the_content -->","protected":false},"excerpt":{"rendered":"Si eres&nbsp; de esos empresarios inteligentes que busca llegar&nbsp; sus clientes por medio delas grandes ventajas de la telefon\u00eda IP&nbsp; es muy importante que cuentes&nbsp; con un buen&nbsp; plan de minutos voip&nbsp; que te ayude&nbsp; a lograr tus objetivos&nbsp; al m\u00ednimo costo posible Si aun no sabes que son minutos voip&nbsp; o como funcionan&nbsp; lo&hellip;&nbsp;<a href=\"https:\/\/prof-it.me\/web\/mimuntos-voip\/\" rel=\"bookmark\">Leer m\u00e1s &raquo;<span class=\"screen-reader-text\">MIMUNTOS VOIP<\/span><\/a><!-- AddThis Advanced Settings generic via filter on get_the_excerpt --><!-- AddThis Share Buttons generic via filter on get_the_excerpt -->","protected":false},"author":3,"featured_media":0,"parent":0,"menu_order":0,"comment_status":"closed","ping_status":"closed","template":"page-templates\/template-pagebuilder-full-width.php","meta":{"neve_meta_sidebar":"","neve_meta_container":"","neve_meta_enable_content_width":"off","neve_meta_content_width":0,"neve_meta_title_alignment":"","neve_meta_author_avatar":"","neve_post_elements_order":"","neve_meta_disable_header":"","neve_meta_disable_footer":"","neve_meta_disable_title":"","footnotes":""},"class_list":["post-3524","page","type-page","status-publish","hentry"],"yoast_head":"<!-- This site is optimized with the Yoast SEO plugin v26.0 - https:\/\/yoast.com\/wordpress\/plugins\/seo\/ -->\n<title>MIMUNTOS VOIP - Telefon\u00eda IP Prof-IT SAS<\/title>\n<meta name=\"description\" content=\"La forma mas avanzada y econ\u00f3mica de comunicarte con tus clientes por medio de llamdas voip todo lo que necesitas tener para lograrlo.\" \/>\n<meta name=\"robots\" content=\"index, follow, max-snippet:-1, max-image-preview:large, max-video-preview:-1\" \/>\n<link rel=\"canonical\" href=\"https:\/\/prof-it.me\/web\/mimuntos-voip\/\" \/>\n<meta property=\"og:locale\" content=\"es_ES\" \/>\n<meta property=\"og:type\" content=\"article\" \/>\n<meta property=\"og:title\" content=\"MIMUNTOS VOIP - Telefon\u00eda IP Prof-IT SAS\" \/>\n<meta property=\"og:description\" content=\"La forma mas avanzada y econ\u00f3mica de comunicarte con tus clientes por medio de llamdas voip todo lo que necesitas tener para lograrlo.\" \/>\n<meta property=\"og:url\" content=\"https:\/\/prof-it.me\/web\/mimuntos-voip\/\" \/>\n<meta property=\"og:site_name\" content=\"Telefon\u00eda IP Prof-IT SAS\" \/>\n<meta property=\"article:publisher\" content=\"https:\/\/www.facebook.com\/profit.voip\/\" \/>\n<meta property=\"article:modified_time\" content=\"2021-02-02T17:52:51+00:00\" \/>\n<meta name=\"twitter:card\" content=\"summary_large_image\" \/>\n<meta name=\"twitter:label1\" content=\"Tiempo de lectura\" \/>\n\t<meta name=\"twitter:data1\" content=\"2 minutos\" \/>\n<script type=\"application\/ld+json\" class=\"yoast-schema-graph\">{\"@context\":\"https:\/\/schema.org\",\"@graph\":[{\"@type\":\"WebPage\",\"@id\":\"https:\/\/prof-it.me\/web\/mimuntos-voip\/\",\"url\":\"https:\/\/prof-it.me\/web\/mimuntos-voip\/\",\"name\":\"MIMUNTOS VOIP - Telefon\u00eda IP Prof-IT SAS\",\"isPartOf\":{\"@id\":\"https:\/\/prof-it.me\/web\/#website\"},\"datePublished\":\"2017-06-29T17:26:58+00:00\",\"dateModified\":\"2021-02-02T17:52:51+00:00\",\"description\":\"La forma mas avanzada y econ\u00f3mica de comunicarte con tus clientes por medio de llamdas voip todo lo que necesitas tener para lograrlo.\",\"breadcrumb\":{\"@id\":\"https:\/\/prof-it.me\/web\/mimuntos-voip\/#breadcrumb\"},\"inLanguage\":\"es-CO\",\"potentialAction\":[{\"@type\":\"ReadAction\",\"target\":[\"https:\/\/prof-it.me\/web\/mimuntos-voip\/\"]}]},{\"@type\":\"BreadcrumbList\",\"@id\":\"https:\/\/prof-it.me\/web\/mimuntos-voip\/#breadcrumb\",\"itemListElement\":[{\"@type\":\"ListItem\",\"position\":1,\"name\":\"Home\",\"item\":\"https:\/\/prof-it.me\/web\/\"},{\"@type\":\"ListItem\",\"position\":2,\"name\":\"MIMUNTOS VOIP\"}]},{\"@type\":\"WebSite\",\"@id\":\"https:\/\/prof-it.me\/web\/#website\",\"url\":\"https:\/\/prof-it.me\/web\/\",\"name\":\"Telefon\u00eda IP Prof-IT SAS\",\"description\":\"Expertos en telefon\u00eda VoIP\",\"publisher\":{\"@id\":\"https:\/\/prof-it.me\/web\/#organization\"},\"potentialAction\":[{\"@type\":\"SearchAction\",\"target\":{\"@type\":\"EntryPoint\",\"urlTemplate\":\"https:\/\/prof-it.me\/web\/?s={search_term_string}\"},\"query-input\":{\"@type\":\"PropertyValueSpecification\",\"valueRequired\":true,\"valueName\":\"search_term_string\"}}],\"inLanguage\":\"es-CO\"},{\"@type\":\"Organization\",\"@id\":\"https:\/\/prof-it.me\/web\/#organization\",\"name\":\"Profesionales en Ingenier\u00eda y TIC SAS Prof-IT SAS\",\"url\":\"https:\/\/prof-it.me\/web\/\",\"logo\":{\"@type\":\"ImageObject\",\"inLanguage\":\"es-CO\",\"@id\":\"https:\/\/prof-it.me\/web\/#\/schema\/logo\/image\/\",\"url\":\"https:\/\/prof-it.me\/web\/wp-content\/uploads\/2016\/03\/LogoProf-IT_Mediano.png\",\"contentUrl\":\"https:\/\/prof-it.me\/web\/wp-content\/uploads\/2016\/03\/LogoProf-IT_Mediano.png\",\"width\":262,\"height\":369,\"caption\":\"Profesionales en Ingenier\u00eda y TIC SAS Prof-IT SAS\"},\"image\":{\"@id\":\"https:\/\/prof-it.me\/web\/#\/schema\/logo\/image\/\"},\"sameAs\":[\"https:\/\/www.facebook.com\/profit.voip\/\",\"https:\/\/www.linkedin.com\/in\/davidbqzt\",\"https:\/\/www.youtube.com\/channel\/UC5yjKQqLT8FhUk29lKSV4iw\"]}]}<\/script>\n<!-- \/ Yoast SEO plugin. -->","yoast_head_json":{"title":"MIMUNTOS VOIP - Telefon\u00eda IP Prof-IT SAS","description":"La forma mas avanzada y econ\u00f3mica de comunicarte con tus clientes por medio de llamdas voip todo lo que necesitas tener para lograrlo.","robots":{"index":"index","follow":"follow","max-snippet":"max-snippet:-1","max-image-preview":"max-image-preview:large","max-video-preview":"max-video-preview:-1"},"canonical":"https:\/\/prof-it.me\/web\/mimuntos-voip\/","og_locale":"es_ES","og_type":"article","og_title":"MIMUNTOS VOIP - Telefon\u00eda IP Prof-IT SAS","og_description":"La forma mas avanzada y econ\u00f3mica de comunicarte con tus clientes por medio de llamdas voip todo lo que necesitas tener para lograrlo.","og_url":"https:\/\/prof-it.me\/web\/mimuntos-voip\/","og_site_name":"Telefon\u00eda IP Prof-IT SAS","article_publisher":"https:\/\/www.facebook.com\/profit.voip\/","article_modified_time":"2021-02-02T17:52:51+00:00","twitter_card":"summary_large_image","twitter_misc":{"Tiempo de lectura":"2 minutos"},"schema":{"@context":"https:\/\/schema.org","@graph":[{"@type":"WebPage","@id":"https:\/\/prof-it.me\/web\/mimuntos-voip\/","url":"https:\/\/prof-it.me\/web\/mimuntos-voip\/","name":"MIMUNTOS VOIP - Telefon\u00eda IP Prof-IT SAS","isPartOf":{"@id":"https:\/\/prof-it.me\/web\/#website"},"datePublished":"2017-06-29T17:26:58+00:00","dateModified":"2021-02-02T17:52:51+00:00","description":"La forma mas avanzada y econ\u00f3mica de comunicarte con tus clientes por medio de llamdas voip todo lo que necesitas tener para lograrlo.","breadcrumb":{"@id":"https:\/\/prof-it.me\/web\/mimuntos-voip\/#breadcrumb"},"inLanguage":"es-CO","potentialAction":[{"@type":"ReadAction","target":["https:\/\/prof-it.me\/web\/mimuntos-voip\/"]}]},{"@type":"BreadcrumbList","@id":"https:\/\/prof-it.me\/web\/mimuntos-voip\/#breadcrumb","itemListElement":[{"@type":"ListItem","position":1,"name":"Home","item":"https:\/\/prof-it.me\/web\/"},{"@type":"ListItem","position":2,"name":"MIMUNTOS VOIP"}]},{"@type":"WebSite","@id":"https:\/\/prof-it.me\/web\/#website","url":"https:\/\/prof-it.me\/web\/","name":"Telefon\u00eda IP Prof-IT SAS","description":"Expertos en telefon\u00eda VoIP","publisher":{"@id":"https:\/\/prof-it.me\/web\/#organization"},"potentialAction":[{"@type":"SearchAction","target":{"@type":"EntryPoint","urlTemplate":"https:\/\/prof-it.me\/web\/?s={search_term_string}"},"query-input":{"@type":"PropertyValueSpecification","valueRequired":true,"valueName":"search_term_string"}}],"inLanguage":"es-CO"},{"@type":"Organization","@id":"https:\/\/prof-it.me\/web\/#organization","name":"Profesionales en Ingenier\u00eda y TIC SAS Prof-IT SAS","url":"https:\/\/prof-it.me\/web\/","logo":{"@type":"ImageObject","inLanguage":"es-CO","@id":"https:\/\/prof-it.me\/web\/#\/schema\/logo\/image\/","url":"https:\/\/prof-it.me\/web\/wp-content\/uploads\/2016\/03\/LogoProf-IT_Mediano.png","contentUrl":"https:\/\/prof-it.me\/web\/wp-content\/uploads\/2016\/03\/LogoProf-IT_Mediano.png","width":262,"height":369,"caption":"Profesionales en Ingenier\u00eda y TIC SAS Prof-IT SAS"},"image":{"@id":"https:\/\/prof-it.me\/web\/#\/schema\/logo\/image\/"},"sameAs":["https:\/\/www.facebook.com\/profit.voip\/","https:\/\/www.linkedin.com\/in\/davidbqzt","https:\/\/www.youtube.com\/channel\/UC5yjKQqLT8FhUk29lKSV4iw"]}]}},"_links":{"self":[{"href":"https:\/\/prof-it.me\/web\/wp-json\/wp\/v2\/pages\/3524","targetHints":{"allow":["GET"]}}],"collection":[{"href":"https:\/\/prof-it.me\/web\/wp-json\/wp\/v2\/pages"}],"about":[{"href":"https:\/\/prof-it.me\/web\/wp-json\/wp\/v2\/types\/page"}],"author":[{"embeddable":true,"href":"https:\/\/prof-it.me\/web\/wp-json\/wp\/v2\/users\/3"}],"replies":[{"embeddable":true,"href":"https:\/\/prof-it.me\/web\/wp-json\/wp\/v2\/comments?post=3524"}],"version-history":[{"count":2,"href":"https:\/\/prof-it.me\/web\/wp-json\/wp\/v2\/pages\/3524\/revisions"}],"predecessor-version":[{"id":9504,"href":"https:\/\/prof-it.me\/web\/wp-json\/wp\/v2\/pages\/3524\/revisions\/9504"}],"wp:attachment":[{"href":"https:\/\/prof-it.me\/web\/wp-json\/wp\/v2\/media?parent=3524"}],"curies":[{"name":"wp","href":"https:\/\/api.w.org\/{rel}","templated":true}]}}