{"id":2714,"date":"2016-09-06T16:40:46","date_gmt":"2016-09-06T21:40:46","guid":{"rendered":"http:\/\/prof-it.me\/web\/?page_id=2714"},"modified":"2022-04-04T15:38:45","modified_gmt":"2022-04-04T20:38:45","slug":"minutos-voip","status":"publish","type":"page","link":"https:\/\/prof-it.me\/web\/minutos-voip\/","title":{"rendered":"Minutos VoIP"},"content":{"rendered":"\t\t<div data-elementor-type=\"wp-page\" data-elementor-id=\"2714\" class=\"elementor elementor-2714\">\n\t\t\t\t\t\t<section class=\"elementor-section elementor-top-section elementor-element elementor-element-29e0436a elementor-section-boxed elementor-section-height-default elementor-section-height-default\" data-id=\"29e0436a\" data-element_type=\"section\">\n\t\t\t\t\t\t<div class=\"elementor-container elementor-column-gap-default\">\n\t\t\t\t\t<div class=\"elementor-column elementor-col-100 elementor-top-column elementor-element elementor-element-67d12b15\" data-id=\"67d12b15\" data-element_type=\"column\">\n\t\t\t<div class=\"elementor-widget-wrap elementor-element-populated\">\n\t\t\t\t\t\t<div class=\"elementor-element elementor-element-1fff99c elementor-widget elementor-widget-text-editor\" data-id=\"1fff99c\" data-element_type=\"widget\" data-widget_type=\"text-editor.default\">\n\t\t\t\t<div class=\"elementor-widget-container\">\n\t\t\t\t\t\t\t\t\t<p>Toda inversi\u00f3n vale la pena si retorna con ganancias. Los Minutos VoIP son uno de los grandes retornos de inversi\u00f3n de la telefon\u00eda IP, ya que te permiten llamar a trav\u00e9s de Internet; en lugar de\u00a0llamar por los operadores tradicionales de telefon\u00eda.<\/p><p>Para esto Prof-IT te ofrece dos opciones. Llama sin limite de llamadas simultaneas pagando solo por los minutos que consumes (Minutos VoIP). O, llama ilimitadamente a decenas de destinos pagando por la cantidad de llamadas simultaneas que quieres tener (Troncales IP).<\/p><p>Llamar por Internet ahorra todos los costos f\u00edsicos (equipos, factura el\u00e9ctrica, espacio f\u00edsico y otros costos). Permitiendo as\u00ed entregar un servicio a un precio mucho menor.<\/p><p><a href=\"#\"><img decoding=\"async\" class=\"aligncenter size-full wp-image-2575\" src=\"http:\/\/prof-it.me\/web\/wp-content\/uploads\/2016\/09\/Logomakr_5yLsnl.png\" alt=\"Minutos VoIP\" width=\"94\" height=\"98\" \/><\/a><\/p><h3><span style=\"color: #ff6600;\">Minutos VoIP<\/span><\/h3><p>Un plan de minutos VoIP puede resultar m\u00e1s beneficioso porque:<\/p><ul><li>El precio por minuto es menor<\/li><li>Sin\u00a0clausulas de permanencia<\/li><li>No hay consumos m\u00ednimos ni m\u00e1ximos<\/li><li>Modalidad prepago, para que no te excedas<\/li><li>Tu saldo nunca vence<\/li><li>Recargas cuando quieras<\/li><li>Identificador de llamadas\u00a0propio (tus clientes ven tu n\u00famero, no uno aleatorio)<\/li><li>Llamadas nacionales o internacionales<\/li><li>Nunca hay l\u00edneas ocupadas<\/li><\/ul><h4>Ventajas<\/h4><p><strong>Precio:<\/strong> Llamar desde l\u00ednea a fija a celular o larga distancia puede ser m\u00e1s caro que una cabina telef\u00f3nica. Es f\u00e1cil evidenciarlo, tome su factura telef\u00f3nica y divida el costo por el n\u00famero de minutos consumidos. Se dar\u00e1 cuenta que puede estar pagando lo de una cabina telef\u00f3nica o m\u00e1s.<\/p><p><strong>Formas de Pago:\u00a0<\/strong>Nadie te ofrece m\u00e1s\u00a0versatilidad. Tu decides cuanto quieres gastar, si te puedes pasar, o cuando cerrar el consumo. Puedes retirarte en cualquier momento. Eres libre de ir y venir en el servicio sin clausulas de permanencia, contratos, etc.<\/p><p><strong>Funcionalidad:<\/strong>\u00a0Las l\u00edneas telef\u00f3nicas tradicionales tienen muchos l\u00edmites. Por ejemplo la cantidad de llamadas que puedes hacer en simultaneo, los destinos para llamar o el identificador de llamadas; el n\u00famero que otros ven cuando los llamas. La Telefon\u00eda IP es diferente, porque cuando trabajas por medio de Minutos VoIP:<\/p><ul><li>Todas las llamadas simultaneas que seas capaz de realizar puedes hacerlas.<ul><li>Esto es muy \u00fatil para marcadores predictivos o autom\u00e1ticos<\/li><li>Aumente la probabilidad de tener llamada exitosas<\/li><li>Mantiene a tus agentes hablando la mayor cantidad de tiempo posible<\/li><\/ul><\/li><li>Puedes llamar a cualquier parte del mundo<\/li><li>El identificador de llamadas puede ser real, para que te des a conocer a tus clientes<\/li><li>O, puedes alterar tu identificador de llamadas, excelente si llamas a hacer cobranza \ud83d\ude09<\/li><\/ul><h5>\u00bfPor qu\u00e9 es tan econ\u00f3mico?<\/h5><p>Porque la experiencia ha mostrado que una oficina no consume tantos minutos, por persona, como se esperaba o se paga. Mucho del tiempo que antes consum\u00edamos al tel\u00e9fono ahora lo consumimos por redes sociales, en forma de chats o llamadas; a\u00fan as\u00ed seguimos pagando por una l\u00ednea telef\u00f3nica que est\u00e1 sub utilizada.<\/p><p>Si calculamos el precio de los minutos que realmente se usan; f\u00e1cilmente veremos\u00a0que, a\u00fan cuando nos han prometido una l\u00ednea ilimitada, resulta m\u00e1s barato pagar por minuto que por una l\u00ednea ilimitada.<\/p><h3><span style=\"color: #ff6600;\">Troncales IP<\/span><\/h3><p>Ahora veamos casos como los Call Centers u oficinas con un flujo de ventas o atenci\u00f3n al cliente muy alto. Para estos pueda que pagar por l\u00edneas ilimitadas en vez de consumo por Minutos VoIP resulte mejor.<\/p><p>Entonces se realiza una evaluaci\u00f3n del tr\u00e1fico de llamadas. As\u00ed, se determina cuantas llamadas simultaneas se requieren. Entonces se adquire un n\u00famero determinado, pero flexible, de canales dentro de una Troncal IP. De esta manera:<\/p><ul><li>Tienes un cargo fijo mensual, sin sorpresas desagradables<\/li><li>Minutos entrantes o salientes ilimitados.\u00a0Tenemos Troncales IP a:<ul><li>Totalmente ilimitadas a Estados Unidos, Canada y Puerto Rico (<a href=\"https:\/\/en.wikipedia.org\/wiki\/Contiguous_United_States\">US48<\/a>)<\/li><li>Ilimitadas dentro de una tasa de uso justa a fijos en 25 pa\u00edses y m\u00f3viles en Estados Unidos, Canada, M\u00e9xico e India<\/li><li>Ilimitado en ciudades principales de\u00a0Colombia<\/li><\/ul><\/li><li>N\u00famero de llamadas simultaneas determinado<\/li><li>Identificador de llamadas real para que tus clientes te conozcan<\/li><li>Esconde tu identificador de llamada, muy bueno si llamas a hacer cobranza \ud83d\ude09<\/li><li>Aumenta o disminuye el n\u00famero de canales cuando quieras (cantidad de llamadas simultaneas)<\/li><\/ul><h4>Ventajas<\/h4><p><strong>Precio:<\/strong> Vive tranquilo y sin preocupaciones, porque, un cargo fijo te ahorra sorpresas y dolores de cabeza.<\/p><p><strong>Funcionalidad:<\/strong> Disfruta de total versatilidad, ya que puedes subir y bajar, cancelar o agregar canales a tu Troncal IP en cualquier momento.<\/p><h3><span style=\"color: #ff6600;\">N\u00fameros P\u00fablicos (DID)<\/span><\/h3><p>Ten presencia local sin estar all\u00e1. Tenemos n\u00fameros p\u00fablicos de casi cualquier pa\u00eds del mundo y varias o todas las ciudades. Esto permite que tus clientes te llamen desde otros pa\u00edses, como si para ellos fuera una llamada local.<\/p><ul><li>Ac\u00e9rcate a tus clientes, pues tus clientes prefieren llamar a alguien local<\/li><li>Facilita la comunicaci\u00f3n, ya que para tus clientes ser\u00e1 una llamada local<\/li><li>Ten presencia internacional, as\u00ed demuestras lo grande que es tu visi\u00f3n de negocio<\/li><li>\u00bfYa tienes un n\u00famero? \u00a1Conservalo! Tenemos portabilidad num\u00e9rica<ul><li>Garantizada en Estados Unidos<\/li><li>En otros paises seg\u00fan disponibilidad<\/li><\/ul><\/li><li>Si tienes oficina f\u00edsica en Estados Unidos tambi\u00e9n puedes llamar al 911<\/li><\/ul><h3><span style=\"color: #ff6600;\">Condiciones Generales Para el Servicio<\/span><\/h3><p>Todos nuestros planes de Minutos VoIP cuentan con los siguientes beneficios:<\/p><ul><li>Servicio y soporte t\u00e9cnico 24\/7 &#8211; Equipo de expertos para ayudarte<\/li><li>Sin contrato &#8211; modifica\u00a0tu servicio en cualquier momento<\/li><li>El saldo nunca vence mientras no se use<\/li><li>Soporte para FAX<\/li><li>Apto para el uso de marcadores autom\u00e1ticos y\/o predictivos<\/li><li>Descuentos por volumen<\/li><\/ul><h3><span style=\"color: #ff6600;\">\u00bfQue necesitas?<\/span><\/h3><ul><li>IPPBX que soporte protocolo SIP<\/li><li>IP p\u00fablica fija: Identificaci\u00f3n l\u00f3gica utilizada para enrutar y publicar servicios en Internet<\/li><li>Garantizar 80Kbps por cada llamada simultanea que se quiera realizar<\/li><li>Se recomienda el uso de c\u00f3dec G729 preferiblemente<\/li><\/ul><p>Descargar Lista de Precios:\u00a0<a href=\"http:\/\/prof-it.me\/web\/wp-content\/uploads\/2016\/09\/LISTA-DE-PRECIOS-SIP-Y-DID.pdf\">lista-de-precios-sip-y-did<\/a><\/p>\t\t\t\t\t\t\t\t<\/div>\n\t\t\t\t<\/div>\n\t\t\t\t\t<\/div>\n\t\t<\/div>\n\t\t\t\t\t<\/div>\n\t\t<\/section>\n\t\t\t\t<\/div>\n\t\t<!-- AddThis Advanced Settings generic via filter on the_content --><!-- AddThis Share Buttons generic via filter on the_content -->","protected":false},"excerpt":{"rendered":"Toda inversi\u00f3n vale la pena si retorna. Los Minutos VoIP son uno de los grandes retornos de inversi\u00f3n de la telefon\u00eda IP, ya que te permiten llamar a trav\u00e9s de Internet; en lugar de\u00a0llamar por los operadores tradicionales de telefon\u00eda. Para esto Prof-IT te ofrece dos opciones. Llama sin limite de llamadas simultaneas pagando solo&hellip;&nbsp;<a href=\"https:\/\/prof-it.me\/web\/minutos-voip\/\" rel=\"bookmark\">Leer m\u00e1s &raquo;<span class=\"screen-reader-text\">Minutos VoIP<\/span><\/a><!-- AddThis Advanced Settings generic via filter on get_the_excerpt --><!-- AddThis Share Buttons generic via filter on get_the_excerpt -->","protected":false},"author":3,"featured_media":0,"parent":0,"menu_order":0,"comment_status":"closed","ping_status":"closed","template":"","meta":{"neve_meta_sidebar":"","neve_meta_container":"","neve_meta_enable_content_width":"off","neve_meta_content_width":0,"neve_meta_title_alignment":"","neve_meta_author_avatar":"","neve_post_elements_order":"","neve_meta_disable_header":"","neve_meta_disable_footer":"","neve_meta_disable_title":"","footnotes":""},"class_list":["post-2714","page","type-page","status-publish","hentry"],"yoast_head":"<!-- This site is optimized with the Yoast SEO plugin v26.0 - https:\/\/yoast.com\/wordpress\/plugins\/seo\/ -->\n<title>Minutos VoIP - Telefon\u00eda IP Prof-IT SAS<\/title>\n<meta name=\"description\" content=\"Recorta sustancialmente la factura telefonica de tu negocio y comunicate a cualquier parte del mundo atravez de minutos Voip. ahorra un monton.\" \/>\n<meta name=\"robots\" content=\"index, follow, max-snippet:-1, max-image-preview:large, max-video-preview:-1\" \/>\n<link rel=\"canonical\" href=\"https:\/\/prof-it.me\/web\/minutos-voip\/\" \/>\n<meta property=\"og:locale\" content=\"es_ES\" \/>\n<meta property=\"og:type\" content=\"article\" \/>\n<meta property=\"og:title\" content=\"Minutos VoIP - Telefon\u00eda IP Prof-IT SAS\" \/>\n<meta property=\"og:description\" content=\"Recorta sustancialmente la factura telefonica de tu negocio y comunicate a cualquier parte del mundo atravez de minutos Voip. ahorra un monton.\" \/>\n<meta property=\"og:url\" content=\"https:\/\/prof-it.me\/web\/minutos-voip\/\" \/>\n<meta property=\"og:site_name\" content=\"Telefon\u00eda IP Prof-IT SAS\" \/>\n<meta property=\"article:publisher\" content=\"https:\/\/www.facebook.com\/profit.voip\/\" \/>\n<meta property=\"article:modified_time\" content=\"2022-04-04T20:38:45+00:00\" \/>\n<meta property=\"og:image\" content=\"http:\/\/prof-it.me\/web\/wp-content\/uploads\/2016\/09\/Logomakr_5yLsnl.png\" \/>\n<meta name=\"twitter:card\" content=\"summary_large_image\" \/>\n<meta name=\"twitter:label1\" content=\"Tiempo de lectura\" \/>\n\t<meta name=\"twitter:data1\" content=\"5 minutos\" \/>\n<script type=\"application\/ld+json\" class=\"yoast-schema-graph\">{\"@context\":\"https:\/\/schema.org\",\"@graph\":[{\"@type\":\"WebPage\",\"@id\":\"https:\/\/prof-it.me\/web\/minutos-voip\/\",\"url\":\"https:\/\/prof-it.me\/web\/minutos-voip\/\",\"name\":\"Minutos VoIP - Telefon\u00eda IP Prof-IT SAS\",\"isPartOf\":{\"@id\":\"https:\/\/prof-it.me\/web\/#website\"},\"primaryImageOfPage\":{\"@id\":\"https:\/\/prof-it.me\/web\/minutos-voip\/#primaryimage\"},\"image\":{\"@id\":\"https:\/\/prof-it.me\/web\/minutos-voip\/#primaryimage\"},\"thumbnailUrl\":\"http:\/\/prof-it.me\/web\/wp-content\/uploads\/2016\/09\/Logomakr_5yLsnl.png\",\"datePublished\":\"2016-09-06T21:40:46+00:00\",\"dateModified\":\"2022-04-04T20:38:45+00:00\",\"description\":\"Recorta sustancialmente la factura telefonica de tu negocio y comunicate a cualquier parte del mundo atravez de minutos Voip. ahorra un monton.\",\"breadcrumb\":{\"@id\":\"https:\/\/prof-it.me\/web\/minutos-voip\/#breadcrumb\"},\"inLanguage\":\"es-CO\",\"potentialAction\":[{\"@type\":\"ReadAction\",\"target\":[\"https:\/\/prof-it.me\/web\/minutos-voip\/\"]}]},{\"@type\":\"ImageObject\",\"inLanguage\":\"es-CO\",\"@id\":\"https:\/\/prof-it.me\/web\/minutos-voip\/#primaryimage\",\"url\":\"http:\/\/prof-it.me\/web\/wp-content\/uploads\/2016\/09\/Logomakr_5yLsnl.png\",\"contentUrl\":\"http:\/\/prof-it.me\/web\/wp-content\/uploads\/2016\/09\/Logomakr_5yLsnl.png\"},{\"@type\":\"BreadcrumbList\",\"@id\":\"https:\/\/prof-it.me\/web\/minutos-voip\/#breadcrumb\",\"itemListElement\":[{\"@type\":\"ListItem\",\"position\":1,\"name\":\"Home\",\"item\":\"https:\/\/prof-it.me\/web\/\"},{\"@type\":\"ListItem\",\"position\":2,\"name\":\"Minutos VoIP\"}]},{\"@type\":\"WebSite\",\"@id\":\"https:\/\/prof-it.me\/web\/#website\",\"url\":\"https:\/\/prof-it.me\/web\/\",\"name\":\"Telefon\u00eda IP Prof-IT SAS\",\"description\":\"Expertos en telefon\u00eda VoIP\",\"publisher\":{\"@id\":\"https:\/\/prof-it.me\/web\/#organization\"},\"potentialAction\":[{\"@type\":\"SearchAction\",\"target\":{\"@type\":\"EntryPoint\",\"urlTemplate\":\"https:\/\/prof-it.me\/web\/?s={search_term_string}\"},\"query-input\":{\"@type\":\"PropertyValueSpecification\",\"valueRequired\":true,\"valueName\":\"search_term_string\"}}],\"inLanguage\":\"es-CO\"},{\"@type\":\"Organization\",\"@id\":\"https:\/\/prof-it.me\/web\/#organization\",\"name\":\"Profesionales en Ingenier\u00eda y TIC SAS Prof-IT SAS\",\"url\":\"https:\/\/prof-it.me\/web\/\",\"logo\":{\"@type\":\"ImageObject\",\"inLanguage\":\"es-CO\",\"@id\":\"https:\/\/prof-it.me\/web\/#\/schema\/logo\/image\/\",\"url\":\"https:\/\/prof-it.me\/web\/wp-content\/uploads\/2016\/03\/LogoProf-IT_Mediano.png\",\"contentUrl\":\"https:\/\/prof-it.me\/web\/wp-content\/uploads\/2016\/03\/LogoProf-IT_Mediano.png\",\"width\":262,\"height\":369,\"caption\":\"Profesionales en Ingenier\u00eda y TIC SAS Prof-IT SAS\"},\"image\":{\"@id\":\"https:\/\/prof-it.me\/web\/#\/schema\/logo\/image\/\"},\"sameAs\":[\"https:\/\/www.facebook.com\/profit.voip\/\",\"https:\/\/www.linkedin.com\/in\/davidbqzt\",\"https:\/\/www.youtube.com\/channel\/UC5yjKQqLT8FhUk29lKSV4iw\"]}]}<\/script>\n<!-- \/ Yoast SEO plugin. -->","yoast_head_json":{"title":"Minutos VoIP - Telefon\u00eda IP Prof-IT SAS","description":"Recorta sustancialmente la factura telefonica de tu negocio y comunicate a cualquier parte del mundo atravez de minutos Voip. ahorra un monton.","robots":{"index":"index","follow":"follow","max-snippet":"max-snippet:-1","max-image-preview":"max-image-preview:large","max-video-preview":"max-video-preview:-1"},"canonical":"https:\/\/prof-it.me\/web\/minutos-voip\/","og_locale":"es_ES","og_type":"article","og_title":"Minutos VoIP - Telefon\u00eda IP Prof-IT SAS","og_description":"Recorta sustancialmente la factura telefonica de tu negocio y comunicate a cualquier parte del mundo atravez de minutos Voip. ahorra un monton.","og_url":"https:\/\/prof-it.me\/web\/minutos-voip\/","og_site_name":"Telefon\u00eda IP Prof-IT SAS","article_publisher":"https:\/\/www.facebook.com\/profit.voip\/","article_modified_time":"2022-04-04T20:38:45+00:00","og_image":[{"url":"http:\/\/prof-it.me\/web\/wp-content\/uploads\/2016\/09\/Logomakr_5yLsnl.png","type":"","width":"","height":""}],"twitter_card":"summary_large_image","twitter_misc":{"Tiempo de lectura":"5 minutos"},"schema":{"@context":"https:\/\/schema.org","@graph":[{"@type":"WebPage","@id":"https:\/\/prof-it.me\/web\/minutos-voip\/","url":"https:\/\/prof-it.me\/web\/minutos-voip\/","name":"Minutos VoIP - Telefon\u00eda IP Prof-IT SAS","isPartOf":{"@id":"https:\/\/prof-it.me\/web\/#website"},"primaryImageOfPage":{"@id":"https:\/\/prof-it.me\/web\/minutos-voip\/#primaryimage"},"image":{"@id":"https:\/\/prof-it.me\/web\/minutos-voip\/#primaryimage"},"thumbnailUrl":"http:\/\/prof-it.me\/web\/wp-content\/uploads\/2016\/09\/Logomakr_5yLsnl.png","datePublished":"2016-09-06T21:40:46+00:00","dateModified":"2022-04-04T20:38:45+00:00","description":"Recorta sustancialmente la factura telefonica de tu negocio y comunicate a cualquier parte del mundo atravez de minutos Voip. ahorra un monton.","breadcrumb":{"@id":"https:\/\/prof-it.me\/web\/minutos-voip\/#breadcrumb"},"inLanguage":"es-CO","potentialAction":[{"@type":"ReadAction","target":["https:\/\/prof-it.me\/web\/minutos-voip\/"]}]},{"@type":"ImageObject","inLanguage":"es-CO","@id":"https:\/\/prof-it.me\/web\/minutos-voip\/#primaryimage","url":"http:\/\/prof-it.me\/web\/wp-content\/uploads\/2016\/09\/Logomakr_5yLsnl.png","contentUrl":"http:\/\/prof-it.me\/web\/wp-content\/uploads\/2016\/09\/Logomakr_5yLsnl.png"},{"@type":"BreadcrumbList","@id":"https:\/\/prof-it.me\/web\/minutos-voip\/#breadcrumb","itemListElement":[{"@type":"ListItem","position":1,"name":"Home","item":"https:\/\/prof-it.me\/web\/"},{"@type":"ListItem","position":2,"name":"Minutos VoIP"}]},{"@type":"WebSite","@id":"https:\/\/prof-it.me\/web\/#website","url":"https:\/\/prof-it.me\/web\/","name":"Telefon\u00eda IP Prof-IT SAS","description":"Expertos en telefon\u00eda VoIP","publisher":{"@id":"https:\/\/prof-it.me\/web\/#organization"},"potentialAction":[{"@type":"SearchAction","target":{"@type":"EntryPoint","urlTemplate":"https:\/\/prof-it.me\/web\/?s={search_term_string}"},"query-input":{"@type":"PropertyValueSpecification","valueRequired":true,"valueName":"search_term_string"}}],"inLanguage":"es-CO"},{"@type":"Organization","@id":"https:\/\/prof-it.me\/web\/#organization","name":"Profesionales en Ingenier\u00eda y TIC SAS Prof-IT SAS","url":"https:\/\/prof-it.me\/web\/","logo":{"@type":"ImageObject","inLanguage":"es-CO","@id":"https:\/\/prof-it.me\/web\/#\/schema\/logo\/image\/","url":"https:\/\/prof-it.me\/web\/wp-content\/uploads\/2016\/03\/LogoProf-IT_Mediano.png","contentUrl":"https:\/\/prof-it.me\/web\/wp-content\/uploads\/2016\/03\/LogoProf-IT_Mediano.png","width":262,"height":369,"caption":"Profesionales en Ingenier\u00eda y TIC SAS Prof-IT SAS"},"image":{"@id":"https:\/\/prof-it.me\/web\/#\/schema\/logo\/image\/"},"sameAs":["https:\/\/www.facebook.com\/profit.voip\/","https:\/\/www.linkedin.com\/in\/davidbqzt","https:\/\/www.youtube.com\/channel\/UC5yjKQqLT8FhUk29lKSV4iw"]}]}},"_links":{"self":[{"href":"https:\/\/prof-it.me\/web\/wp-json\/wp\/v2\/pages\/2714","targetHints":{"allow":["GET"]}}],"collection":[{"href":"https:\/\/prof-it.me\/web\/wp-json\/wp\/v2\/pages"}],"about":[{"href":"https:\/\/prof-it.me\/web\/wp-json\/wp\/v2\/types\/page"}],"author":[{"embeddable":true,"href":"https:\/\/prof-it.me\/web\/wp-json\/wp\/v2\/users\/3"}],"replies":[{"embeddable":true,"href":"https:\/\/prof-it.me\/web\/wp-json\/wp\/v2\/comments?post=2714"}],"version-history":[{"count":20,"href":"https:\/\/prof-it.me\/web\/wp-json\/wp\/v2\/pages\/2714\/revisions"}],"predecessor-version":[{"id":11438,"href":"https:\/\/prof-it.me\/web\/wp-json\/wp\/v2\/pages\/2714\/revisions\/11438"}],"wp:attachment":[{"href":"https:\/\/prof-it.me\/web\/wp-json\/wp\/v2\/media?parent=2714"}],"curies":[{"name":"wp","href":"https:\/\/api.w.org\/{rel}","templated":true}]}}